{"id":13583,"date":"2024-05-17T18:40:23","date_gmt":"2024-05-17T18:40:23","guid":{"rendered":"https:\/\/imaqmexico.com\/?post_type=product&#038;p=13583"},"modified":"2026-04-30T15:30:47","modified_gmt":"2026-04-30T15:30:47","slug":"plancha-plano-manual-mod-su-pl12-40-x-50-cm","status":"publish","type":"product","link":"https:\/\/imaqmexico.com\/index.php\/product\/plancha-plano-manual-mod-su-pl12-40-x-50-cm\/","title":{"rendered":"PLANCHA PLANA MANUAL NEGRO (40X50CM)  SU-PL12"},"content":{"rendered":"<p>Plancha plana ideal para art\u00edculos planos como: azulejos, mousepad, textiles, rompecabezas y mucho m\u00e1s&#8230;<\/p>\n<p><strong>Controlador:<\/strong> Ajuste manual de temperatura y tiempo.<\/p>\n<p><strong>Voltaje de Operaci\u00f3n:<\/strong> 110 &#8211; 130 VAC 50\/60 HZ.<\/p>\n<p><strong>Potencia M\u00e1x.:<\/strong> 1600 W.<\/p>\n<p><strong>Corriente:<\/strong> 16 Amp.<\/p>\n<p><strong>Rango de temperatura:<\/strong> 0 &#8211; 220 \u00b0C.<\/p>\n<p><strong>Rango de tiempo:<\/strong> 0 a 999 segundos.<\/p>\n<p><strong>Peso bruto:<\/strong> 40Kg.<\/p>\n<p><strong>Medida de empaque:<\/strong> 85.5 x 54 x 49 cm.<\/p>\n<p><strong>Empaque:\u00a0<\/strong>1 m\u00e1quina.<\/p>\n<p><strong>Color:<\/strong> Negro.<\/p>\n","protected":false},"excerpt":{"rendered":"<p>Plancha plana ideal para art\u00edculos planos como: azulejos, mousepad, textiles, rompecabezas y mucho m\u00e1s&#8230; Controlador: Ajuste manual de temperatura y tiempo. Voltaje de Operaci\u00f3n: 110 &#8211; 130 VAC 50\/60 HZ. Potencia M\u00e1x.: 1600 W. Corriente: 16 Amp. Rango de temperatura: 0 &#8211; 220 \u00b0C. Rango de tiempo: 0 a 999 segundos. Peso bruto: 40Kg. Medida de empaque: 85.5 x 54 x 49 cm. Empaque:\u00a01 m\u00e1quina. Color: Negro.<\/p>\n","protected":false},"featured_media":13652,"comment_status":"open","ping_status":"closed","template":"","meta":{"_eb_attr":""},"product_cat":[2202],"product_tag":[],"_links":{"self":[{"href":"https:\/\/imaqmexico.com\/index.php\/wp-json\/wp\/v2\/product\/13583"}],"collection":[{"href":"https:\/\/imaqmexico.com\/index.php\/wp-json\/wp\/v2\/product"}],"about":[{"href":"https:\/\/imaqmexico.com\/index.php\/wp-json\/wp\/v2\/types\/product"}],"replies":[{"embeddable":true,"href":"https:\/\/imaqmexico.com\/index.php\/wp-json\/wp\/v2\/comments?post=13583"}],"version-history":[{"count":7,"href":"https:\/\/imaqmexico.com\/index.php\/wp-json\/wp\/v2\/product\/13583\/revisions"}],"predecessor-version":[{"id":19760,"href":"https:\/\/imaqmexico.com\/index.php\/wp-json\/wp\/v2\/product\/13583\/revisions\/19760"}],"wp:featuredmedia":[{"embeddable":true,"href":"https:\/\/imaqmexico.com\/index.php\/wp-json\/wp\/v2\/media\/13652"}],"wp:attachment":[{"href":"https:\/\/imaqmexico.com\/index.php\/wp-json\/wp\/v2\/media?parent=13583"}],"wp:term":[{"taxonomy":"product_cat","embeddable":true,"href":"https:\/\/imaqmexico.com\/index.php\/wp-json\/wp\/v2\/product_cat?post=13583"},{"taxonomy":"product_tag","embeddable":true,"href":"https:\/\/imaqmexico.com\/index.php\/wp-json\/wp\/v2\/product_tag?post=13583"}],"curies":[{"name":"wp","href":"https:\/\/api.w.org\/{rel}","templated":true}]}}