{"id":13360,"date":"2024-05-17T18:35:55","date_gmt":"2024-05-17T18:35:55","guid":{"rendered":"https:\/\/imaqmexico.com\/?post_type=product&#038;p=13360"},"modified":"2026-05-06T15:17:13","modified_gmt":"2026-05-06T15:17:13","slug":"botella-borosilicato-ibiza-20-oz","status":"publish","type":"product","link":"https:\/\/imaqmexico.com\/index.php\/product\/botella-borosilicato-ibiza-20-oz\/","title":{"rendered":"BOTELLA BOROSILICATO IBIZA 20 OZ SATIN"},"content":{"rendered":"<p>Botella de sublimaci\u00f3n hecho con vidrio borosilicato que gracias a su material lo hace un vidrio m\u00e1s resistente a golpes y soporta temperaturas fr\u00edas como calientes. Incluye tapa transparente y popote de acero.<\/p>\n<p><strong>Material:\u00a0<\/strong>Vidrio de Borosilicato<\/p>\n<p><strong>Capacidad: <\/strong>20 oz.<\/p>\n<p><strong>Empaque:<\/strong> 30 pzas.<\/p>\n","protected":false},"excerpt":{"rendered":"<p>Botella de sublimaci\u00f3n hecho con vidrio borosilicato que gracias a su material lo hace un vidrio m\u00e1s resistente a golpes y soporta temperaturas fr\u00edas como calientes. Incluye tapa transparente y popote de acero. Material:\u00a0Vidrio de Borosilicato Capacidad: 20 oz. Empaque: 30 pzas.<\/p>\n","protected":false},"featured_media":13441,"comment_status":"open","ping_status":"closed","template":"","meta":{"_eb_attr":""},"product_cat":[2200,2225],"product_tag":[2226],"_links":{"self":[{"href":"https:\/\/imaqmexico.com\/index.php\/wp-json\/wp\/v2\/product\/13360"}],"collection":[{"href":"https:\/\/imaqmexico.com\/index.php\/wp-json\/wp\/v2\/product"}],"about":[{"href":"https:\/\/imaqmexico.com\/index.php\/wp-json\/wp\/v2\/types\/product"}],"replies":[{"embeddable":true,"href":"https:\/\/imaqmexico.com\/index.php\/wp-json\/wp\/v2\/comments?post=13360"}],"version-history":[{"count":8,"href":"https:\/\/imaqmexico.com\/index.php\/wp-json\/wp\/v2\/product\/13360\/revisions"}],"predecessor-version":[{"id":20100,"href":"https:\/\/imaqmexico.com\/index.php\/wp-json\/wp\/v2\/product\/13360\/revisions\/20100"}],"wp:featuredmedia":[{"embeddable":true,"href":"https:\/\/imaqmexico.com\/index.php\/wp-json\/wp\/v2\/media\/13441"}],"wp:attachment":[{"href":"https:\/\/imaqmexico.com\/index.php\/wp-json\/wp\/v2\/media?parent=13360"}],"wp:term":[{"taxonomy":"product_cat","embeddable":true,"href":"https:\/\/imaqmexico.com\/index.php\/wp-json\/wp\/v2\/product_cat?post=13360"},{"taxonomy":"product_tag","embeddable":true,"href":"https:\/\/imaqmexico.com\/index.php\/wp-json\/wp\/v2\/product_tag?post=13360"}],"curies":[{"name":"wp","href":"https:\/\/api.w.org\/{rel}","templated":true}]}}