{"id":13255,"date":"2024-05-17T18:34:00","date_gmt":"2024-05-17T18:34:00","guid":{"rendered":"https:\/\/imaqmexico.com\/?post_type=product&#038;p=13255"},"modified":"2026-05-05T15:28:44","modified_gmt":"2026-05-05T15:28:44","slug":"termo-lata-foro-rojo","status":"publish","type":"product","link":"https:\/\/imaqmexico.com\/index.php\/product\/termo-lata-foro-rojo\/","title":{"rendered":"TERMO ACERO LATA 500ML FORO ROJO MATE"},"content":{"rendered":"<p>Lata de acero con doble pared en acabado mate, tiene tapa transparente de pl\u00e1stico con clip de seguridad y popote; ayudando a evitar escurrimientos.<\/p>\n<p><strong>Material:<\/strong> Acero.<\/p>\n<p><strong>Capacidad:<\/strong> 500 ml.<\/p>\n<p><strong>Empaque:<\/strong> 50 pzas.<\/p>\n<p><strong>T\u00e9cnica:<\/strong> Grabado l\u00e1ser, serigraf\u00eda y tampograf\u00eda.<\/p>\n","protected":false},"excerpt":{"rendered":"<p>Lata de acero con doble pared en acabado mate, tiene tapa transparente de pl\u00e1stico con clip de seguridad y popote; ayudando a evitar escurrimientos. Material: Acero. Capacidad: 500 ml. Empaque: 50 pzas. T\u00e9cnica: Grabado l\u00e1ser, serigraf\u00eda y tampograf\u00eda.<\/p>\n","protected":false},"featured_media":13329,"comment_status":"open","ping_status":"closed","template":"","meta":{"_eb_attr":""},"product_cat":[2201,2238],"product_tag":[2239],"_links":{"self":[{"href":"https:\/\/imaqmexico.com\/index.php\/wp-json\/wp\/v2\/product\/13255"}],"collection":[{"href":"https:\/\/imaqmexico.com\/index.php\/wp-json\/wp\/v2\/product"}],"about":[{"href":"https:\/\/imaqmexico.com\/index.php\/wp-json\/wp\/v2\/types\/product"}],"replies":[{"embeddable":true,"href":"https:\/\/imaqmexico.com\/index.php\/wp-json\/wp\/v2\/comments?post=13255"}],"version-history":[{"count":6,"href":"https:\/\/imaqmexico.com\/index.php\/wp-json\/wp\/v2\/product\/13255\/revisions"}],"predecessor-version":[{"id":18613,"href":"https:\/\/imaqmexico.com\/index.php\/wp-json\/wp\/v2\/product\/13255\/revisions\/18613"}],"wp:featuredmedia":[{"embeddable":true,"href":"https:\/\/imaqmexico.com\/index.php\/wp-json\/wp\/v2\/media\/13329"}],"wp:attachment":[{"href":"https:\/\/imaqmexico.com\/index.php\/wp-json\/wp\/v2\/media?parent=13255"}],"wp:term":[{"taxonomy":"product_cat","embeddable":true,"href":"https:\/\/imaqmexico.com\/index.php\/wp-json\/wp\/v2\/product_cat?post=13255"},{"taxonomy":"product_tag","embeddable":true,"href":"https:\/\/imaqmexico.com\/index.php\/wp-json\/wp\/v2\/product_tag?post=13255"}],"curies":[{"name":"wp","href":"https:\/\/api.w.org\/{rel}","templated":true}]}}