{"id":13203,"date":"2024-05-17T18:32:54","date_gmt":"2024-05-17T18:32:54","guid":{"rendered":"https:\/\/imaqmexico.com\/?post_type=product&#038;p=13203"},"modified":"2026-05-05T15:28:43","modified_gmt":"2026-05-05T15:28:43","slug":"vaso-termico-napa-rojo","status":"publish","type":"product","link":"https:\/\/imaqmexico.com\/index.php\/product\/vaso-termico-napa-rojo\/","title":{"rendered":"VASO TERMICO 350 ML NAPA ROJO MATE"},"content":{"rendered":"<p>Vaso t\u00e9rmico con doble pared de acero con acabado mate, tiene tapa transparente de pl\u00e1stico con clip de seguridad ayudando a trasladar sin ning\u00fan escurrimiento.<\/p>\n<p><strong>Material:<\/strong> Acero.<\/p>\n<p><strong>Capacidad:<\/strong> 350 ml.<\/p>\n<p><strong>Empaque:<\/strong> 50 pzas.<\/p>\n<p><strong>T\u00e9cnica:<\/strong> Grabado l\u00e1ser, serigraf\u00ed\u00ada y tampograf\u00eda.<\/p>\n","protected":false},"excerpt":{"rendered":"<p>Vaso t\u00e9rmico con doble pared de acero con acabado mate, tiene tapa transparente de pl\u00e1stico con clip de seguridad ayudando a trasladar sin ning\u00fan escurrimiento. Material: Acero. Capacidad: 350 ml. Empaque: 50 pzas. T\u00e9cnica: Grabado l\u00e1ser, serigraf\u00ed\u00ada y tampograf\u00eda.<\/p>\n","protected":false},"featured_media":13288,"comment_status":"open","ping_status":"closed","template":"","meta":{"_eb_attr":""},"product_cat":[2201,2238],"product_tag":[2239],"_links":{"self":[{"href":"https:\/\/imaqmexico.com\/index.php\/wp-json\/wp\/v2\/product\/13203"}],"collection":[{"href":"https:\/\/imaqmexico.com\/index.php\/wp-json\/wp\/v2\/product"}],"about":[{"href":"https:\/\/imaqmexico.com\/index.php\/wp-json\/wp\/v2\/types\/product"}],"replies":[{"embeddable":true,"href":"https:\/\/imaqmexico.com\/index.php\/wp-json\/wp\/v2\/comments?post=13203"}],"version-history":[{"count":6,"href":"https:\/\/imaqmexico.com\/index.php\/wp-json\/wp\/v2\/product\/13203\/revisions"}],"predecessor-version":[{"id":18598,"href":"https:\/\/imaqmexico.com\/index.php\/wp-json\/wp\/v2\/product\/13203\/revisions\/18598"}],"wp:featuredmedia":[{"embeddable":true,"href":"https:\/\/imaqmexico.com\/index.php\/wp-json\/wp\/v2\/media\/13288"}],"wp:attachment":[{"href":"https:\/\/imaqmexico.com\/index.php\/wp-json\/wp\/v2\/media?parent=13203"}],"wp:term":[{"taxonomy":"product_cat","embeddable":true,"href":"https:\/\/imaqmexico.com\/index.php\/wp-json\/wp\/v2\/product_cat?post=13203"},{"taxonomy":"product_tag","embeddable":true,"href":"https:\/\/imaqmexico.com\/index.php\/wp-json\/wp\/v2\/product_tag?post=13203"}],"curies":[{"name":"wp","href":"https:\/\/api.w.org\/{rel}","templated":true}]}}