{"id":13081,"date":"2024-05-17T18:27:55","date_gmt":"2024-05-17T18:27:55","guid":{"rendered":"https:\/\/imaqmexico.com\/?post_type=product&#038;p=13081"},"modified":"2026-04-28T15:13:11","modified_gmt":"2026-04-28T15:13:11","slug":"suajador-fijo-25-mm","status":"publish","type":"product","link":"https:\/\/imaqmexico.com\/index.php\/product\/suajador-fijo-25-mm\/","title":{"rendered":"SUAJADOR FIJO ECO 25MM. NP"},"content":{"rendered":"<p><span style=\"color: black;\">El suajador fijo corta con precisi\u00f3n la impresi\u00f3n que se desea colocar en el fotobot\u00f3n.<\/span><\/p>\n<p><strong><span style=\"color: black;\">Material:<\/span><\/strong><span style=\"color: black;\"> Acero<\/span><\/p>\n<p><span style=\"color: black;\"><strong>Medidas:<\/strong> 18.5 x 22 cm.<\/span><\/p>\n<p>&nbsp;<\/p>\n","protected":false},"excerpt":{"rendered":"<p>El suajador fijo corta con precisi\u00f3n la impresi\u00f3n que se desea colocar en el fotobot\u00f3n. Material: Acero Medidas: 18.5 x 22 cm. &nbsp;<\/p>\n","protected":false},"featured_media":13164,"comment_status":"open","ping_status":"closed","template":"","meta":{"_eb_attr":""},"product_cat":[2204],"product_tag":[],"_links":{"self":[{"href":"https:\/\/imaqmexico.com\/index.php\/wp-json\/wp\/v2\/product\/13081"}],"collection":[{"href":"https:\/\/imaqmexico.com\/index.php\/wp-json\/wp\/v2\/product"}],"about":[{"href":"https:\/\/imaqmexico.com\/index.php\/wp-json\/wp\/v2\/types\/product"}],"replies":[{"embeddable":true,"href":"https:\/\/imaqmexico.com\/index.php\/wp-json\/wp\/v2\/comments?post=13081"}],"version-history":[{"count":8,"href":"https:\/\/imaqmexico.com\/index.php\/wp-json\/wp\/v2\/product\/13081\/revisions"}],"predecessor-version":[{"id":19807,"href":"https:\/\/imaqmexico.com\/index.php\/wp-json\/wp\/v2\/product\/13081\/revisions\/19807"}],"wp:featuredmedia":[{"embeddable":true,"href":"https:\/\/imaqmexico.com\/index.php\/wp-json\/wp\/v2\/media\/13164"}],"wp:attachment":[{"href":"https:\/\/imaqmexico.com\/index.php\/wp-json\/wp\/v2\/media?parent=13081"}],"wp:term":[{"taxonomy":"product_cat","embeddable":true,"href":"https:\/\/imaqmexico.com\/index.php\/wp-json\/wp\/v2\/product_cat?post=13081"},{"taxonomy":"product_tag","embeddable":true,"href":"https:\/\/imaqmexico.com\/index.php\/wp-json\/wp\/v2\/product_tag?post=13081"}],"curies":[{"name":"wp","href":"https:\/\/api.w.org\/{rel}","templated":true}]}}