{"id":12864,"date":"2024-05-17T18:23:32","date_gmt":"2024-05-17T18:23:32","guid":{"rendered":"https:\/\/imaqmexico.com\/?post_type=product&#038;p=12864"},"modified":"2026-05-06T15:17:14","modified_gmt":"2026-05-06T15:17:14","slug":"taza-color-naranja-neon-11-oz","status":"publish","type":"product","link":"https:\/\/imaqmexico.com\/index.php\/product\/taza-color-naranja-neon-11-oz\/","title":{"rendered":"TAZA COLOR NEON 11 OZ NARANJA"},"content":{"rendered":"<p>Taza de colores ne\u00f3n para sublimaci\u00f3n con acabado mate<\/p>\n<p><strong>Material:<\/strong> Cer\u00e1mica.<\/p>\n<p><strong>Medidas:<\/strong> 9.5*8.2 cm<\/p>\n<p><strong>Capacidad:<\/strong> 11 oz.<\/p>\n<p><strong>Empaque:<\/strong> 36 pzas.<\/p>\n","protected":false},"excerpt":{"rendered":"<p>Taza de colores ne\u00f3n para sublimaci\u00f3n con acabado mate Material: Cer\u00e1mica. Medidas: 9.5*8.2 cm Capacidad: 11 oz. Empaque: 36 pzas.<\/p>\n","protected":false},"featured_media":12943,"comment_status":"open","ping_status":"closed","template":"","meta":{"_eb_attr":""},"product_cat":[2200,2219],"product_tag":[2218],"_links":{"self":[{"href":"https:\/\/imaqmexico.com\/index.php\/wp-json\/wp\/v2\/product\/12864"}],"collection":[{"href":"https:\/\/imaqmexico.com\/index.php\/wp-json\/wp\/v2\/product"}],"about":[{"href":"https:\/\/imaqmexico.com\/index.php\/wp-json\/wp\/v2\/types\/product"}],"replies":[{"embeddable":true,"href":"https:\/\/imaqmexico.com\/index.php\/wp-json\/wp\/v2\/comments?post=12864"}],"version-history":[{"count":5,"href":"https:\/\/imaqmexico.com\/index.php\/wp-json\/wp\/v2\/product\/12864\/revisions"}],"predecessor-version":[{"id":17613,"href":"https:\/\/imaqmexico.com\/index.php\/wp-json\/wp\/v2\/product\/12864\/revisions\/17613"}],"wp:featuredmedia":[{"embeddable":true,"href":"https:\/\/imaqmexico.com\/index.php\/wp-json\/wp\/v2\/media\/12943"}],"wp:attachment":[{"href":"https:\/\/imaqmexico.com\/index.php\/wp-json\/wp\/v2\/media?parent=12864"}],"wp:term":[{"taxonomy":"product_cat","embeddable":true,"href":"https:\/\/imaqmexico.com\/index.php\/wp-json\/wp\/v2\/product_cat?post=12864"},{"taxonomy":"product_tag","embeddable":true,"href":"https:\/\/imaqmexico.com\/index.php\/wp-json\/wp\/v2\/product_tag?post=12864"}],"curies":[{"name":"wp","href":"https:\/\/api.w.org\/{rel}","templated":true}]}}