{"id":12762,"date":"2024-05-17T18:20:21","date_gmt":"2024-05-17T18:20:21","guid":{"rendered":"https:\/\/imaqmexico.com\/?post_type=product&#038;p=12762"},"modified":"2026-05-05T15:28:40","modified_gmt":"2026-05-05T15:28:40","slug":"termo-acero-tulum-plata-450-ml","status":"publish","type":"product","link":"https:\/\/imaqmexico.com\/index.php\/product\/termo-acero-tulum-plata-450-ml\/","title":{"rendered":"TERMO ACERO TULUM 450ML PLATA"},"content":{"rendered":"<p>Termo de acero cil\u00edndrico con doble pared y tapa de pl\u00e1stico negro para sublimaci\u00f3n.<\/p>\n<p><strong>Medidas:<\/strong> 20*7 cm.<\/p>\n<p><strong>Capacidad:<\/strong> 450 ml.<\/p>\n<p><strong>Empaque:<\/strong> 50 pzas.<\/p>\n","protected":false},"excerpt":{"rendered":"<p>Termo de acero cil\u00edndrico con doble pared y tapa de pl\u00e1stico negro para sublimaci\u00f3n. Medidas: 20*7 cm. Capacidad: 450 ml. Empaque: 50 pzas.<\/p>\n","protected":false},"featured_media":12843,"comment_status":"open","ping_status":"closed","template":"","meta":{"_eb_attr":""},"product_cat":[2222,2200],"product_tag":[2224],"_links":{"self":[{"href":"https:\/\/imaqmexico.com\/index.php\/wp-json\/wp\/v2\/product\/12762"}],"collection":[{"href":"https:\/\/imaqmexico.com\/index.php\/wp-json\/wp\/v2\/product"}],"about":[{"href":"https:\/\/imaqmexico.com\/index.php\/wp-json\/wp\/v2\/types\/product"}],"replies":[{"embeddable":true,"href":"https:\/\/imaqmexico.com\/index.php\/wp-json\/wp\/v2\/comments?post=12762"}],"version-history":[{"count":7,"href":"https:\/\/imaqmexico.com\/index.php\/wp-json\/wp\/v2\/product\/12762\/revisions"}],"predecessor-version":[{"id":18524,"href":"https:\/\/imaqmexico.com\/index.php\/wp-json\/wp\/v2\/product\/12762\/revisions\/18524"}],"wp:featuredmedia":[{"embeddable":true,"href":"https:\/\/imaqmexico.com\/index.php\/wp-json\/wp\/v2\/media\/12843"}],"wp:attachment":[{"href":"https:\/\/imaqmexico.com\/index.php\/wp-json\/wp\/v2\/media?parent=12762"}],"wp:term":[{"taxonomy":"product_cat","embeddable":true,"href":"https:\/\/imaqmexico.com\/index.php\/wp-json\/wp\/v2\/product_cat?post=12762"},{"taxonomy":"product_tag","embeddable":true,"href":"https:\/\/imaqmexico.com\/index.php\/wp-json\/wp\/v2\/product_tag?post=12762"}],"curies":[{"name":"wp","href":"https:\/\/api.w.org\/{rel}","templated":true}]}}